{"id":839,"date":"2021-01-22T14:12:55","date_gmt":"2021-01-22T14:12:55","guid":{"rendered":"https:\/\/safe4u.de\/?page_id=839"},"modified":"2021-04-15T08:39:12","modified_gmt":"2021-04-15T08:39:12","slug":"faq","status":"publish","type":"page","link":"https:\/\/www.safe4u.de\/?page_id=839","title":{"rendered":"FAQ"},"content":{"rendered":"<div id=\"cs-content\" class=\"cs-content\"><\/div>\n","protected":false},"excerpt":{"rendered":"<p>FAQs &ndash; H&auml;ufig gestellte Fragen Sie konnten die Antwort auf Ihre Frage nicht finden? Dann kontaktieren Sie uns gerne und wir helfen Ihnen weiter! Kontakt aufnehmenNotwendigkeit Alarmanlage Ich habe einen Hund, ich brauche keine Alarmanlage. Oder? Leider reicht ein Hund als Einbruchschutz nicht aus. Was passiert, wenn der Hund einmal nicht im Haus sondern mit Ihnen unterwegs ist? Oder der &#8230; <\/p>\n<div><a href=\"https:\/\/www.safe4u.de\/?page_id=839\" class=\"more-link\">Read More<\/a><\/div>\n","protected":false},"author":2,"featured_media":0,"parent":0,"menu_order":0,"comment_status":"closed","ping_status":"closed","template":"template-blank-4.php","meta":{"footnotes":""},"class_list":["post-839","page","type-page","status-publish","hentry","no-post-thumbnail"],"yoast_head":"<!-- This site is optimized with the Yoast SEO plugin v27.4 - https:\/\/yoast.com\/product\/yoast-seo-wordpress\/ -->\n<title>FAQ \u2013 safe4u Alarmanlagen<\/title>\n<meta name=\"description\" content=\"Erfolgreiche Individuen, die ein gemeinsames Ziel verfolgen und zusammen eine starke Gemeinschaft bilden! Gemeinsam f\u00fcr Ihre Sicherheit \u2713\" \/>\n<meta name=\"robots\" content=\"noindex, nofollow\" \/>\n<meta property=\"og:locale\" content=\"de_DE\" \/>\n<meta property=\"og:type\" content=\"article\" \/>\n<meta property=\"og:title\" content=\"FAQ \u2013 safe4u Alarmanlagen\" \/>\n<meta property=\"og:description\" content=\"Erfolgreiche Individuen, die ein gemeinsames Ziel verfolgen und zusammen eine starke Gemeinschaft bilden! Gemeinsam f\u00fcr Ihre Sicherheit \u2713\" \/>\n<meta property=\"og:url\" content=\"https:\/\/www.safe4u.de\/?page_id=839\" \/>\n<meta property=\"og:site_name\" content=\"safe4u Alarmanlagen\" \/>\n<meta property=\"article:modified_time\" content=\"2021-04-15T08:39:12+00:00\" \/>\n<meta name=\"twitter:card\" content=\"summary_large_image\" \/>\n<meta name=\"twitter:label1\" content=\"Gesch\u00e4tzte Lesezeit\" \/>\n\t<meta name=\"twitter:data1\" content=\"2\u00a0Minuten\" \/>\n<script type=\"application\/ld+json\" class=\"yoast-schema-graph\">{\"@context\":\"https:\\\/\\\/schema.org\",\"@graph\":[{\"@type\":\"WebPage\",\"@id\":\"https:\\\/\\\/www.safe4u.de\\\/?page_id=839\",\"url\":\"https:\\\/\\\/www.safe4u.de\\\/?page_id=839\",\"name\":\"FAQ \u2013 safe4u Alarmanlagen\",\"isPartOf\":{\"@id\":\"https:\\\/\\\/www.safe4u.de\\\/#website\"},\"datePublished\":\"2021-01-22T14:12:55+00:00\",\"dateModified\":\"2021-04-15T08:39:12+00:00\",\"description\":\"Erfolgreiche Individuen, die ein gemeinsames Ziel verfolgen und zusammen eine starke Gemeinschaft bilden! Gemeinsam f\u00fcr Ihre Sicherheit \u2713\",\"breadcrumb\":{\"@id\":\"https:\\\/\\\/www.safe4u.de\\\/?page_id=839#breadcrumb\"},\"inLanguage\":\"de\",\"potentialAction\":[{\"@type\":\"ReadAction\",\"target\":[\"https:\\\/\\\/www.safe4u.de\\\/?page_id=839\"]}]},{\"@type\":\"BreadcrumbList\",\"@id\":\"https:\\\/\\\/www.safe4u.de\\\/?page_id=839#breadcrumb\",\"itemListElement\":[{\"@type\":\"ListItem\",\"position\":1,\"name\":\"Home\",\"item\":\"https:\\\/\\\/www.safe4u.de\\\/\"},{\"@type\":\"ListItem\",\"position\":2,\"name\":\"FAQ\"}]},{\"@type\":\"WebSite\",\"@id\":\"https:\\\/\\\/www.safe4u.de\\\/#website\",\"url\":\"https:\\\/\\\/www.safe4u.de\\\/\",\"name\":\"safe4u Alarmanlagen\",\"description\":\"Sch\u00fctzen Sie Ihr Zuhause kosteng\u00fcnstig, effektiv und zuverl\u00e4ssig mit einer Alarmanlage von safe4u\",\"potentialAction\":[{\"@type\":\"SearchAction\",\"target\":{\"@type\":\"EntryPoint\",\"urlTemplate\":\"https:\\\/\\\/www.safe4u.de\\\/?s={search_term_string}\"},\"query-input\":{\"@type\":\"PropertyValueSpecification\",\"valueRequired\":true,\"valueName\":\"search_term_string\"}}],\"inLanguage\":\"de\"}]}<\/script>\n<!-- \/ Yoast SEO plugin. -->","yoast_head_json":{"title":"FAQ \u2013 safe4u Alarmanlagen","description":"Erfolgreiche Individuen, die ein gemeinsames Ziel verfolgen und zusammen eine starke Gemeinschaft bilden! Gemeinsam f\u00fcr Ihre Sicherheit \u2713","robots":{"index":"noindex","follow":"nofollow"},"og_locale":"de_DE","og_type":"article","og_title":"FAQ \u2013 safe4u Alarmanlagen","og_description":"Erfolgreiche Individuen, die ein gemeinsames Ziel verfolgen und zusammen eine starke Gemeinschaft bilden! Gemeinsam f\u00fcr Ihre Sicherheit \u2713","og_url":"https:\/\/www.safe4u.de\/?page_id=839","og_site_name":"safe4u Alarmanlagen","article_modified_time":"2021-04-15T08:39:12+00:00","twitter_card":"summary_large_image","twitter_misc":{"Gesch\u00e4tzte Lesezeit":"2\u00a0Minuten"},"schema":{"@context":"https:\/\/schema.org","@graph":[{"@type":"WebPage","@id":"https:\/\/www.safe4u.de\/?page_id=839","url":"https:\/\/www.safe4u.de\/?page_id=839","name":"FAQ \u2013 safe4u Alarmanlagen","isPartOf":{"@id":"https:\/\/www.safe4u.de\/#website"},"datePublished":"2021-01-22T14:12:55+00:00","dateModified":"2021-04-15T08:39:12+00:00","description":"Erfolgreiche Individuen, die ein gemeinsames Ziel verfolgen und zusammen eine starke Gemeinschaft bilden! Gemeinsam f\u00fcr Ihre Sicherheit \u2713","breadcrumb":{"@id":"https:\/\/www.safe4u.de\/?page_id=839#breadcrumb"},"inLanguage":"de","potentialAction":[{"@type":"ReadAction","target":["https:\/\/www.safe4u.de\/?page_id=839"]}]},{"@type":"BreadcrumbList","@id":"https:\/\/www.safe4u.de\/?page_id=839#breadcrumb","itemListElement":[{"@type":"ListItem","position":1,"name":"Home","item":"https:\/\/www.safe4u.de\/"},{"@type":"ListItem","position":2,"name":"FAQ"}]},{"@type":"WebSite","@id":"https:\/\/www.safe4u.de\/#website","url":"https:\/\/www.safe4u.de\/","name":"safe4u Alarmanlagen","description":"Sch\u00fctzen Sie Ihr Zuhause kosteng\u00fcnstig, effektiv und zuverl\u00e4ssig mit einer Alarmanlage von safe4u","potentialAction":[{"@type":"SearchAction","target":{"@type":"EntryPoint","urlTemplate":"https:\/\/www.safe4u.de\/?s={search_term_string}"},"query-input":{"@type":"PropertyValueSpecification","valueRequired":true,"valueName":"search_term_string"}}],"inLanguage":"de"}]}},"_links":{"self":[{"href":"https:\/\/www.safe4u.de\/index.php?rest_route=\/wp\/v2\/pages\/839","targetHints":{"allow":["GET"]}}],"collection":[{"href":"https:\/\/www.safe4u.de\/index.php?rest_route=\/wp\/v2\/pages"}],"about":[{"href":"https:\/\/www.safe4u.de\/index.php?rest_route=\/wp\/v2\/types\/page"}],"author":[{"embeddable":true,"href":"https:\/\/www.safe4u.de\/index.php?rest_route=\/wp\/v2\/users\/2"}],"replies":[{"embeddable":true,"href":"https:\/\/www.safe4u.de\/index.php?rest_route=%2Fwp%2Fv2%2Fcomments&post=839"}],"version-history":[{"count":28,"href":"https:\/\/www.safe4u.de\/index.php?rest_route=\/wp\/v2\/pages\/839\/revisions"}],"predecessor-version":[{"id":884,"href":"https:\/\/www.safe4u.de\/index.php?rest_route=\/wp\/v2\/pages\/839\/revisions\/884"}],"wp:attachment":[{"href":"https:\/\/www.safe4u.de\/index.php?rest_route=%2Fwp%2Fv2%2Fmedia&parent=839"}],"curies":[{"name":"wp","href":"https:\/\/api.w.org\/{rel}","templated":true}]}}